30?
-1203430
In base 3, what is -112110211 - -1212020001?
1022202020
In base 8, what is 24 - 17606010?
-17605764
In base 9, what is -382 + 1603668?
1603276
In base 9, what is -217 - -521532?
521314
In base 15, what is 14623ac3 + 1?
14623ac4
In base 5, what is 10 + 14440401310?
14440401320
In base 10, what is 1065872 + -816?
1065056
In base 3, what is 111012101021 - 1002?
111012100012
In base 5, what is -332413211 - -12?
-332413144
In base 13, what is -155bc - 35?
-15624
In base 11, what is 2381968 + 17?
2381984
In base 13, what is -8 - -1a5b6b?
1a5b63
In base 3, what is -1221020012 - 100220?
-1221121002
In base 6, what is -2442 - 21323130?
-21330012
In base 16, what is -c6a5 + 33d2?
-92d3
In base 3, what is -1001112102220 - 100?
-1001112110020
In base 9, what is -335 + -5812?
-6247
In base 14, what is 5 - -582109b?
58210a2
In base 9, what is 2 + 12234207?
12234210
In base 3, what is -1102220121112 - 100?
-1102220121212
In base 14, what is 3 + -daa5b4?
-daa5b1
In base 5, what is -42012233 + -21033?
-42033321
In base 10, what is 107263 - 370?
106893
In base 12, what is 125160a8 - 5?
125160a3
In base 2, what is 111101111100011100 + 101011?
111101111101000111
In base 14, what is 74dc94 + 6?
74dc9a
In base 13, what is 112 - 2784a?
-27738
In base 14, what is -12776 - -296?
-124c0
In base 12, what is 21 - -46b7?
4718
In base 5, what is 2114 - -1141222?
1143341
In base 5, what is -1334201 - 414240?
-2303441
In base 6, what is 1205 + 223035?
224244
In base 4, what is 21200211 + -2222313?
12311232
In base 12, what is -284a03 - 14?
-284a17
In base 6, what is 104 + -100451535?
-100451431
In base 5, what is 230313 - -1314?
232132
In base 8, what is 4333114 + -2076?
4331016
In base 8, what is 1 - -61145102?
61145103
In base 12, what is -b189829 + 5?
-b189824
In base 9, what is -357 + -6015?
-6373
In base 5, what is -101001201 - -4310?
-100441341
In base 16, what is 20 + c846?
c866
In base 11, what is 22 - -58670?
58692
In base 4, what is -220 - 323202203?
-323203023
In base 10, what is -525048507 - -5?
-525048502
In base 10, what is 4 + -7538655?
-7538651
In base 9, what is -220247 + -326?
-220574
In base 14, what is 28a8b85 - 3?
28a8b82
In base 16, what is 41d - -1526?
1943
In base 9, what is 103 - -3411681?
3411784
In base 11, what is -417511297 - 5?
-4175112a1
In base 3, what is 10011101202221 + -202?
10011101202012
In base 8, what is -7 + 3223222?
3223213
In base 6, what is 12131422 + 2?
12131424
In base 4, what is -120121 + -302113?
-1022300
In base 7, what is -4404 + -1445146?
-1452553
In base 15, what is 2c74 + 3aa?
312e
In base 4, what is -22131013313 - -11?
-22131013302
In base 7, what is 11 - -152264125?
152264136
In base 8, what is 1254441 - -160?
1254621
In base 5, what is -40111 + 33210?
-1401
In base 3, what is -111210000102 + 10111?
-111202212221
In base 9, what is -1714 + -152645?
-154460
In base 2, what is 1001001110 + -101010101111011?
-101001100101101
In base 14, what is 50 + -77ddc?
-77d8c
In base 12, what is -377 + 8308?
7b51
In base 2, what is 1010110 + 100100110111110111101101?
100100110111111001000011
In base 5, what is 232 - 114111142?
-114110410
In base 5, what is 214 - 2241103331?
-2241103112
In base 4, what is 231 - -12203102333?
12203103230
In base 6, what is 3 - -31144052315?
31144052322
In base 7, what is 1 - -336663446?
336663450
In base 2, what is 1100000111000110100111 + 101011?
1100000111000111010010
In base 6, what is -211 + 4544041?
4543430
In base 10, what is -9 + 12774?
12765
In base 14, what is 4 + 215815?
215819
In base 10, what is 261559 - -113?
261672
In base 8, what is 17322 - -12416?
31740
In base 3, what is 12020200220 + -2?
12020200211
In base 8, what is 141730 + -760?
140750
In base 3, what is 12 + 2211102201220002?
2211102201220021
In base 12, what is -5 + 1121833?
112182a
In base 3, what is -1 + -202022220020121210?
-202022220020121211
In base 3, what is -100211221220 + -211111?
-100212210101
In base 14, what is -1ada + -773?
-246d
In base 10, what is -9668 - -669?
-8999
In base 14, what is -19 + -a81818?
-a81833
In base 3, what is 22202210 - -11210122?
111120102
In base 6, what is -25 + -11245134?
-11245203
In base 12, what is 87463b + 2b?
87466a
In base 5, what is -3341242242 + 240?
-3341242002
In base 2, what is -100 + 111101011111100011111000?
111101011111100011110100
In base 6, what is -1220 - 1221554?
-1223214
In base 5, what is 103424 - 2204320?
-2100341
In base 16, what is -e85ba + 4c?
-e856e
In base 2, what is 110101011100100110 + -1111?
110101011100010111
In base 12, what is 1 + 13954397?
13954398
In base 10, what is 62 - 3279898?
-3279836
In base 10, what is -7 + -37953854?
-37953861
In base 11, what is -1146728 - 6?
-1146733
In base 7, what is -163 + -5523664?
-5524160
In base 6, what is -4 + -15220222312?
-15220222320
In base 7, what is -2450164 - 3013?
-2453210
In base 6, what is -4214400 - 104?
-4214504
In base 4, what is -10 - 11320012302?
-11320012312
In base 9, what is 14670316 + -30?
14670276
In base 7, what is -1554140 - 36?
-1554206
In base 14, what is 1 + 713799d?
71379a0
In base 11, what is 756 - 595a0?
-58945
In base 4, what is 12103 - -202012?
220121
In base 2, what is -110010 + 111110111011111101101?
111110111011110111011
In base 2, what is -11001010100100111 - -1010?
-11001010100011101
In base 3, what is -120111010 + 22?
-120110211
In base 9, what is -4 - 351674?
-351678
In base 12, what is -1 + -4413bab1?
-4413bab2
In base 9, what is -60404200 + -5?
-60404205
In base 4, what is -10 - -31100022123?
31100022113
In base 10, what is 186573 - 23?
186550
In base 8, what is 365 - -214612?
215177
In base 8, what is -2 - 466073664?
-466073666
In base 7, what is 400 + 1652123?
1652523
In base 12, what is -4 - 2584a49?
-2584a51
In base 9, what is -1212 + 23071?
21758
In base 5, what is -133030322 - 13?
-133030340
In base 16, what is 82e5e - 124?
82d3a
In base 6, what is 132015 - -100?
132115
In base 11, what is 213 + 139828?
139a40
In base 2, what is -1101110011011001101 + 1?
-1101110011011001100
In base 14, what is 1 - 1476656d?
-1476656c
In base 3, what is 10 + 10201110222122?
10201110222202
In base 2, what is -11000011 - 1111110110001110110?
-1111110110100111001
In base 11, what is -a847 + 230?
-a617
In base 9, what is -14525440 + 1?
-14525438
In base 3, what is 220202211102102 + 0?
220202211102102
In base 4, what is -2301110112 - -31330?
-2301012122
In base 11, what is 3 + -1643042?
-164303a
In base 6, what is -123053123 - 5?
-123053132
In base 3, what is 120100210 + 121002?
120221212
In base 13, what is 8b06833 - -7?
8b0683a
In base 2, what is -1100000010000011 + 1011?
-1100000001111000
In base 4, what is -1213221 + -31201201?
-33021022
In base 16, what is 3b + -af01f?
-aefe4
In base 6, what is 510532420 - 5?
510532411
In base 2, what is 10101 + -11000101010011110111011?
-11000101010011110100110
In base 4, what is -20 + 312300303?
312300223
In base 7, what is 534602 - -260?
535162
In base 8, what is -25166 - -152?
-25014
In base 13, what is 1255ba + 9?
1255c6
In base 12, what is 2 + 77ba203?
77ba205
In base 2, what is 100101001100111100101 + -101?
100101001100111100000
In base 3, what is -12002120 - 20121001100?
-20210010220
In base 8, what is -124 + -500357?
-500503
In base 9, what is 5 + 63726883?
63726888
In base 12, what is -1 + 948332?
948331
In base 16, what is e - 110515?
-110507
In base 7, what is -350444 - 10013?
-360460
In base 8, what is -3 + -245615376?
-245615401
In base 4, what is 330 - -21000213011?
21000220001
In base 3, what is -112221000210 - -22010?
-112220201200
In base 8, what is 23157 - 412?
22545
In base 7, what is 1 - 10631354?
-10631353
In base 14, what is bc + 6a2d6?
6a3b4
In base 16, what is -1 + 1284339?
1284338
In base 10, what is 132 + 10835950?
10836082
In base 7, what is -13 - 10332043?
-10332056
In base 16, what is 17473f9e - -3?
17473fa1
In base 6, what is 111445 + 315543?
431432
In base 16, what is -4d - a5a86?
-a5ad3
In base 12, what is 3b6 + -35?
381
In base 16, what is -5 + 78c209?
78c204
In base 12, what is -5 + 245b45?
245b40
In base 9, what is -12 - 2657826?
-2657838
In base 2, what is -100110 - -10111110001000?
10111101100010
In base 13, what is 12626a + 342?
1265ac
In base 6, what is -211 - -311410404?
311410153
In base 3, what is 21122101